ulate the greatest common divisor of 124 and 59396.
124
Calculate the highest common factor of 6193 and 11.
11
What is the greatest common divisor of 52 and 3016?
52
Calculate the highest common factor of 108 and 2082.
6
What is the greatest common factor of 384 and 30?
6
What is the highest common divisor of 5891 and 43?
43
Calculate the greatest common factor of 10 and 6190.
10
What is the greatest common divisor of 93 and 155?
31
What is the greatest common factor of 45 and 855?
45
What is the highest common factor of 1170 and 5382?
234
Calculate the greatest common factor of 392 and 882.
98
Calculate the highest common factor of 4758 and 195.
39
What is the greatest common factor of 47 and 3?
1
What is the highest common factor of 42 and 48?
6
What is the highest common factor of 4900 and 8?
4
What is the highest common factor of 54 and 108?
54
What is the highest common divisor of 378 and 270?
54
Calculate the highest common factor of 13 and 351.
13
Calculate the highest common divisor of 25995 and 15.
15
Calculate the greatest common factor of 943 and 23.
23
Calculate the highest common divisor of 90 and 108.
18
What is the greatest common divisor of 440 and 385?
55
Calculate the greatest common divisor of 1300 and 65.
65
What is the greatest common divisor of 288 and 4?
4
Calculate the greatest common divisor of 419 and 1.
1
What is the greatest common divisor of 89 and 8188?
89
Calculate the greatest common factor of 375 and 600.
75
Calculate the highest common factor of 26862 and 132.
66
Calculate the highest common factor of 5484 and 12.
12
What is the highest common divisor of 473 and 55?
11
What is the highest common factor of 54 and 1278?
18
Calculate the greatest common divisor of 3276 and 702.
234
What is the highest common factor of 441 and 63?
63
Calculate the highest common factor of 615 and 45.
15
Calculate the greatest common factor of 507 and 78.
39
Calculate the highest common divisor of 240 and 320.
80
Calculate the greatest common factor of 253 and 22.
11
What is the greatest common divisor of 86 and 602?
86
What is the highest common factor of 242 and 1573?
121
Calculate the greatest common divisor of 8404 and 8.
4
Calculate the greatest common divisor of 154 and 15092.
154
What is the highest common factor of 777 and 42?
21
Calculate the highest common factor of 91 and 56.
7
Calculate the highest common factor of 32 and 368.
16
What is the highest common factor of 60 and 15270?
30
What is the greatest common divisor of 29 and 58?
29
What is the highest common divisor of 176 and 66?
22
Calculate the greatest common factor of 85 and 30685.
85
What is the highest common divisor of 2492 and 14?
14
Calculate the highest common divisor of 1410 and 330.
30
Calculate the greatest common divisor of 4033 and 1090.
109
What is the highest common divisor of 2552 and 348?
116
What is the highest common divisor of 624 and 5382?
78
Calculate the greatest common factor of 5040 and 16.
16
What is the highest common factor of 7 and 567?
7
Calculate the highest common divisor of 8 and 24.
8
What is the greatest common divisor of 14 and 518?
14
What is the greatest common divisor of 35 and 13615?
35
Calculate the highest common divisor of 40 and 1336.
8
What is the highest common divisor of 1530 and 459?
153
Calculate the greatest common factor of 219 and 292.
73
Calculate the highest common divisor of 2235 and 75.
15
Calculate the greatest common divisor of 31 and 31403.
31
Calculate the highest common factor of 125 and 275.
25
What is the highest common factor of 52 and 1222?
26
What is the greatest common divisor of 116 and 1218?
58
Calculate the highest common factor of 675 and 525.
75
Calculate the highest common divisor of 29827 and 7.
7
Calculate the greatest common factor of 30 and 192.
6
Calculate the greatest common divisor of 70 and 42.
14
What is the highest common divisor of 88 and 10802?
22
Calculate the highest common factor of 1696 and 288.
32
What is the greatest common divisor of 19925 and 50?
25
What is the greatest common factor of 35 and 2114?
7
What is the greatest common divisor of 336 and 9?
3
What is the greatest common divisor of 120 and 1500?
60
Calculate the greatest common factor of 28 and 161.
7
What is the greatest common divisor of 75 and 3?
3
What is the highest common divisor of 47 and 2209?
47
What is the highest common divisor of 29 and 22069?
29
What is the greatest common factor of 296 and 333?
37
What is the greatest common divisor of 154 and 56?
14
Calculate the greatest common factor of 96 and 624.
48
Calculate the greatest common divisor of 152 and 133.
19
Calculate the highest common divisor of 6530 and 10.
10
What is the greatest common factor of 50034 and 558?
186
Calculate the highest common factor of 55 and 785.
5
Calculate the greatest common divisor of 42872 and 184.
184
Calculate the highest common factor of 446 and 2.
2
What is the highest common factor of 7424 and 64?
64
Calculate the highest common divisor of 1173 and 34.
17
What is the greatest common divisor of 6 and 48?
6
Calculate the greatest common divisor of 30 and 1010.
10
What is the highest common divisor of 35496 and 9?
9
What is the highest common divisor of 6632 and 40?
8
Calculate the greatest common divisor of 182 and 25935.
91
What is the highest common divisor of 525 and 140?
35
What is the highest common divisor of 34 and 2?
2
What is the highest common divisor of 47 and 94?
47
What is the highest common factor of 6 and 10?
2
Calculate the greatest common divisor of 100 and 150.
50
Calculate the greatest common divisor of 464 and 29.
29
Calculate the greatest common factor of 51 and 1088.
17
Calculate the highest common divisor of 147 and 987.
21
What is the greatest common factor of 7 and 217?
7
What is the highest common divisor of 16 and 153616?
16
What is the greatest common divisor of 7144 and 304?
152
What is the greatest common divisor of 143 and 33?
11
What is the greatest common divisor of 44 and 33?
11
What is the greatest common factor of 64 and 128?
64
Calculate the greatest common factor of 192 and 168.
24
What is the highest common divisor of 164 and 410?
82
What is the greatest common factor of 25 and 20?
5
What is the greatest common factor of 235 and 5?
5
What is the highest common divisor of 3139 and 43?
43
Calculate the highest common factor of 518 and 814.
74
What is the highest common divisor of 133 and 3?
1
What is the greatest common divisor of 6307 and 68?
17
Calculate the greatest common factor of 36 and 16.
4
What is the greatest common divisor of 336 and 342?
6
Calculate the greatest common divisor of 2 and 694.
2
What is the greatest common factor of 5274 and 18?
18
What is the greatest common divisor of 450 and 630?
90
Calculate the highest common divisor of 2337 and 246.
123
What is the greatest common factor of 4980 and 60?
60
What is the highest common divisor of 207 and 92?
23
Calculate the highest common factor of 1683 and 85.
17
Calculate the greatest common divisor of 3405 and 30.
15
Calculate the greatest common factor of 15 and 15465.
15
Calculate the greatest common divisor of 1290 and 480.
30
Calculate the highest common divisor of 3502 and 68.
34
What is the greatest common divisor of 840 and 5208?
168
Calculate the highest common divisor of 217 and 7.
7
What is the greatest common divisor of 174 and 66?
6
Calculate the greatest common factor of 517 and 141.
47
What is the highest common divisor of 30 and 690?
30
What is the greatest common divisor of 468 and 3198?
78
Calculate the highest common divisor of 323 and 68.
17
Calculate the greatest common divisor of 4 and 916.
4
What is the greatest common divisor of 806 and 124?
62
What is the highest common factor of 249 and 21?
3
Calculate the greatest common factor of 8065 and 5.
5
Calculate the greatest common divisor of 2262 and 6438.
174
Calculate the greatest common divisor of 77 and 253.
11
Calculate the highest common divisor of 2020 and 5454.
202
What is the highest common divisor of 7505 and 95?
95
Calculate the highest common factor of 3403 and 913.
83
Calculate the highest common divisor of 38 and 8322.
38
Calculate the greatest common factor of 12709 and 142.
71
Calculate the greatest common divisor of 195 and 4